e greatest common divisor of 473870 and 10.
10
What is the highest common factor of 260760 and 18285?
795
What is the greatest common factor of 1254 and 37734?
114
Calculate the highest common factor of 578 and 179384.
34
What is the highest common factor of 21151 and 65?
13
Calculate the highest common divisor of 33484 and 198.
22
What is the highest common divisor of 1044813 and 2?
1
Calculate the highest common factor of 131865 and 75.
15
Calculate the highest common factor of 57 and 270997.
19
What is the highest common divisor of 3488 and 42510?
218
What is the highest common factor of 1943 and 603?
67
What is the highest common divisor of 13 and 30647?
1
What is the highest common factor of 5 and 281115?
5
What is the greatest common factor of 2286 and 22950?
18
What is the greatest common factor of 372 and 5673?
93
Calculate the highest common divisor of 59890 and 2825.
565
Calculate the greatest common factor of 1295 and 16317.
259
What is the highest common divisor of 48 and 127216?
16
What is the highest common factor of 7600 and 14800?
400
Calculate the greatest common divisor of 962 and 416.
26
What is the highest common divisor of 636 and 9222?
318
What is the greatest common factor of 3791 and 2924?
17
What is the greatest common divisor of 87135 and 157?
157
Calculate the highest common factor of 22359 and 1740.
87
What is the greatest common divisor of 93 and 163029?
93
What is the highest common factor of 1428 and 1281?
21
Calculate the highest common factor of 302 and 20.
2
Calculate the greatest common divisor of 28122 and 8502.
654
What is the greatest common factor of 384 and 31728?
48
What is the greatest common divisor of 725380 and 30?
10
What is the highest common divisor of 45 and 9171?
9
What is the greatest common divisor of 35609 and 28?
7
Calculate the greatest common divisor of 76 and 108.
4
What is the highest common factor of 50 and 93400?
50
Calculate the greatest common divisor of 2739702 and 84.
42
Calculate the greatest common divisor of 268675 and 275.
275
Calculate the greatest common factor of 439506 and 1458.
162
Calculate the highest common divisor of 3498 and 1650.
66
Calculate the greatest common factor of 910226 and 398.
398
Calculate the greatest common factor of 3936 and 2364.
12
Calculate the greatest common factor of 895494 and 6.
6
Calculate the highest common factor of 253 and 736.
23
Calculate the highest common factor of 250076 and 808.
404
What is the greatest common factor of 141708 and 12?
12
What is the highest common divisor of 102292 and 2140?
428
Calculate the highest common factor of 82 and 28126.
82
Calculate the greatest common factor of 14 and 713566.
14
Calculate the greatest common divisor of 168 and 509628.
84
Calculate the highest common divisor of 16128216 and 18.
18
Calculate the highest common factor of 1057 and 252.
7
What is the greatest common divisor of 24492 and 143?
13
What is the greatest common factor of 72 and 178569?
9
What is the greatest common factor of 1035 and 138345?
345
What is the greatest common divisor of 10130 and 450?
10
Calculate the highest common divisor of 80 and 117680.
80
Calculate the highest common factor of 542804 and 4.
4
What is the highest common divisor of 510 and 8772?
102
What is the highest common divisor of 285 and 413085?
15
Calculate the greatest common factor of 12 and 276684.
12
What is the greatest common factor of 336912 and 384?
48
What is the highest common divisor of 6 and 10377774?
6
Calculate the greatest common factor of 49945 and 1260.
35
What is the highest common divisor of 60 and 4635?
15
Calculate the highest common divisor of 8 and 15100.
4
What is the highest common factor of 72 and 31448?
8
What is the highest common divisor of 2765 and 6580?
35
Calculate the highest common factor of 420 and 17598.
42
What is the greatest common divisor of 6412 and 13282?
458
What is the greatest common divisor of 114070 and 136?
34
What is the greatest common divisor of 52020 and 2448?
612
Calculate the highest common divisor of 18 and 102.
6
What is the greatest common factor of 8559 and 1350?
27
What is the greatest common divisor of 580 and 500453?
29
What is the highest common factor of 11452 and 1988?
28
Calculate the highest common factor of 331830 and 54.
54
What is the highest common divisor of 34753 and 92?
23
Calculate the greatest common divisor of 7287 and 105.
21
Calculate the greatest common factor of 76 and 351785.
19
What is the greatest common divisor of 1001 and 41657?
77
Calculate the highest common factor of 3558230 and 26.
26
Calculate the highest common divisor of 628078 and 44.
22
Calculate the greatest common divisor of 9 and 61263.
9
Calculate the greatest common factor of 359 and 1195829.
359
What is the greatest common divisor of 1297 and 1?
1
What is the greatest common factor of 264 and 1944?
24
What is the greatest common divisor of 4692 and 117096?
204
What is the greatest common divisor of 424 and 4399?
53
Calculate the highest common divisor of 24 and 107256.
24
What is the greatest common divisor of 992 and 682912?
32
What is the greatest common divisor of 3145 and 2960?
185
What is the highest common divisor of 3219 and 3754427?
1073
What is the highest common factor of 18626 and 8062?
278
What is the greatest common divisor of 1896 and 566430?
474
What is the greatest common factor of 204564 and 48?
12
Calculate the greatest common factor of 1152 and 45728.
32
Calculate the greatest common factor of 71560 and 16.
8
What is the greatest common divisor of 875 and 7?
7
Calculate the highest common factor of 60480 and 260.
20
What is the highest common divisor of 214 and 7893283?
107
Calculate the highest common divisor of 328675 and 25.
25
What is the greatest common factor of 15223 and 65?
13
What is the greatest common divisor of 68 and 2284052?
68
What is the greatest common divisor of 46 and 13294?
46
What is the greatest common factor of 1316857 and 1126?
563
Calculate the greatest common factor of 24519 and 66.
33
Calculate the highest common divisor of 3125980 and 52.
52
Calculate the greatest common divisor of 73 and 88841.
73
What is the highest common factor of 696 and 39092?
116
What is the highest common divisor of 120 and 12672?
24
Calculate the highest common divisor of 37054 and 15662.
382
What is the greatest common divisor of 1515278 and 34?
34
What is the highest common divisor of 9303 and 5397?
21
What is the greatest common divisor of 264 and 7887?
33
Calculate the highest common divisor of 10902 and 22278.
474
What is the highest common factor of 36062 and 1729?
247
What is the greatest common divisor of 551 and 10205071?
551
Calculate the greatest common divisor of 35805 and 15.
15
What is the highest common divisor of 1934548 and 154?
154
Calculate the highest common factor of 193536 and 1184.
32
Calculate the greatest common divisor of 3900 and 3419.
13
Calculate the greatest common divisor of 111720 and 9996.
588
Calculate the greatest common factor of 14064 and 1104.
48
Calculate the greatest common factor of 178 and 149164.
178
What is the highest common factor of 495 and 18010?
5
Calculate the highest common factor of 108 and 34176.
12
What is the highest common factor of 268 and 66531?
67
What is the greatest common factor of 98 and 167650?
14
What is the greatest common factor of 19481 and 3864?
161
Calculate the greatest common factor of 1265 and 242165.
55
Calculate the greatest common factor of 17 and 10106483.
17
Calculate the highest common factor of 69617 and 108473.
1619
What is the highest common factor of 208 and 262886?
26
What is the greatest common divisor of 153 and 26979?
51
What is the highest common factor of 624 and 311064?
312
What is the greatest common factor of 1 and 2033377?
1
What is the highest common divisor of 224089 and 92?
23
Calculate the greatest common divisor of 47040 and 12810.
210
What is the greatest common divisor of 92646 and 54?
18
Calculate the highest common factor of 629 and 136.
17
What is the greatest common factor of 39 and 1547481?
39
What is the greatest common divisor of 10 and 31895?
5
Calculate the greatest common divisor of 299758 and 8174.
134
Calculate the highest common factor of 7631925 and 1050.
525
What is the